r be x(-11). Calculate the highest common divisor of w and r.
4
Suppose -15 - 25 = -2*t + 2*d, -3*d + 76 = 5*t. Suppose 0 = 3*m - 134 - 325. What is the highest common factor of t and m?
17
Suppose 0 = 4*v + 7*a - 5*a - 1044, 0 = a - 4. Calculate the highest common divisor of 111 and v.
37
Let r be 6 + (12/15)/((-9)/45). Suppose 2*k + 2 = 3*k. What is the greatest common factor of r and k?
2
Let n = 710 + -670. What is the highest common factor of 75 and n?
5
Let u(h) = h**3 + h**2 - h - 6. Let m be u(3). Suppose -22*n - 250 = -m*n. Calculate the greatest common factor of 25 and n.
25
Suppose -13 = -4*o - l + 1, -1 = o - 2*l. Calculate the greatest common factor of o and 288.
3
Let f(k) = 7*k**2 - 7. Let w = 44 - 26. Let h = 13 - w. Let a be f(h). What is the highest common factor of 21 and a?
21
Let d be 2/((-6)/(-12) + 0). What is the greatest common divisor of 32 and d?
4
Let z be ((-3)/2)/((-45)/120). Suppose z*k + 36 = 6*k. Let o = -191 + 335. Calculate the highest common divisor of o and k.
18
Let o be 1/(-2)*(-40)/(-6)*-21. What is the greatest common factor of o and 84?
14
Suppose -63 = -5*n - 33. Suppose -3*w + 3 = 0, -2*k - 4*w + 2 = -n. Let c = -6 - -12. What is the greatest common factor of k and c?
2
Let z = 3035 - 2954. What is the highest common factor of z and 9?
9
Let d = 1035 - 1025. Calculate the greatest common factor of 370 and d.
10
Let w = 637 + -421. Calculate the greatest common divisor of 8 and w.
8
Let c be (15 - 11) + (-15)/(6/(-2)). Suppose -h = -k + 48, -8*k + 5*h - 30 = -c*k. What is the highest common factor of k and 315?
45
Let t = 50 + -45. Suppose 16 - 4 = -s - t*f, -2*f = -2*s + 36. What is the greatest common factor of 104 and s?
13
Let h(x) = -24 + 2*x**2 + 2*x**2 - 3 - 10*x**2 + 2*x - 2*x**3. Let z be h(-5). What is the greatest common divisor of 9 and z?
9
Let t be -1 + 0 + -13 + -3. Let f(x) = -x**3 + 6*x**2 - 4*x + 12. Let z be f(6). Let c = z - t. What is the greatest common factor of c and 1?
1
Let t(c) = -4*c - 37. Let y be t(-26). Let h = 27 + -13. Let r = y + h. Calculate the greatest common divisor of 9 and r.
9
Let w(t) = -3 - 1 - 3*t**3 + 5 + t + t**2. Let v be w(-2). Let g be 2 - 6/(0 + -3) - -5. Calculate the greatest common divisor of v and g.
9
Let g(x) = -24*x + 6 + 13 - 3 + 0. Let q be g(-15). Suppose -152 = -6*i + q. Calculate the greatest common factor of i and 11.
11
Let w = -618 - -852. Calculate the greatest common factor of 26 and w.
26
Let z be (-4)/(-2)*30/12. Let r(n) = 5*n - 6. Let t be r(2). Let p be 2*(2 + t + -1). What is the highest common factor of z and p?
5
Suppose -5*f - 3*a + 19 = 0, -f - 7 = -3*f - a. Let i(r) = 58*r**2 - 118*r + 6. Let g be i(2). Calculate the highest common factor of g and f.
2
Suppose 13*l - 1091 = 1093. Calculate the greatest common factor of 24 and l.
24
Let k be (-6)/4*384/(-36). What is the greatest common factor of k and 16?
16
Let a = 133 - 90. Suppose a = u - 48. Calculate the greatest common factor of u and 13.
13
Let a = 50 - 32. Let h = 425 - 227. What is the highest common factor of a and h?
18
Let j = 62 + -39. Let c = j - 23. Suppose -4*g + 25 = 3*o, -o - 3*o - g + 29 = c. What is the greatest common divisor of o and 63?
7
Let s(a) = -13*a - 12. Let p be s(3). Let c = p + 56. Let t(h) = 4*h**2 + 2*h - 1. Let i be t(1). What is the greatest common factor of i and c?
5
Let o = 559 - -81. What is the highest common factor of o and 10?
10
Suppose 0 = -4*k - 2*i + 90, k - 5*i = -i + 36. What is the greatest common factor of 324 and k?
12
Suppose 5*p - 3859 = -4*z + 6590, 3*p - 6267 = -3*z. Suppose -9*r + p = -1867. Calculate the highest common factor of r and 40.
40
Suppose -4*f - m + 127 = 0, 2*m = 2*f - 65 - 1. Let q be ((-62)/(-10) + -3)*40. Suppose u = -3*u + q. What is the highest common factor of u and f?
32
Let t = 4737 - 4637. Let s = 1 - 1. Suppose 7*w - 2*w - 117 = 2*k, s = -5*w - 5*k + 145. What is the greatest common divisor of t and w?
25
Suppose 0 = -2*j - 3*g + 10, -4*j - 2*g = 5 - 17. Suppose -3*a + 3*l + 40 = j*l, -4*a = -2*l - 52. Calculate the greatest common factor of a and 98.
14
Suppose -4*b + 8 = 0, -5*w + 3*b + 215 = -4*w. Let l = w + 27. Calculate the highest common divisor of 31 and l.
31
Suppose 5*h + 43 = -52. Let o = h + 18. Let z be o + 27 + (4 - 6). Calculate the highest common factor of 12 and z.
12
Let k be (-9 + 4)*(-12)/10. Suppose 0*n + 960 = k*n. Calculate the greatest common factor of n and 20.
20
Suppose 5*r - 128 - 52 = 0. Suppose 4*q - 12 = 3*q. What is the highest common divisor of r and q?
12
Let m(c) = 45*c**2 - 4*c + 4. Let j be m(1). Let r(o) = -o**2 - 14*o - 3. Let i be r(-6). Let p = i - 27. Calculate the greatest common divisor of j and p.
9
Suppose 2*n = 3*n + 3*v - 2, 3 = -n + 2*v. Let l = 5 + n. Suppose -132 = -3*j - l*y, 0*y + 4*y + 68 = 2*j. What is the highest common divisor of 20 and j?
20
Suppose -5*j + 566 = 171. Let t = 29 + -69. Let s = j + t. Calculate the greatest common divisor of s and 26.
13
Suppose 0 = s - 0*s - 3. Suppose -2*v = v + 9, 2 = n + s*v. Calculate the highest common divisor of 11 and n.
11
Suppose 0 = 5*v, 4*c - v = 2*c + 84. Let n be 21/5*60/4. What is the greatest common divisor of c and n?
21
Let c = 47 + -102. Let q be ((-8)/(-10))/((-22)/c). Let y(z) = 9*z**3 + z**2 - 2*z. Let o be y(q). Calculate the greatest common factor of 9 and o.
9
Let n(d) = -7*d. Let i be n(-3). Suppose 0 = 56*q + 8*q - 896. Calculate the greatest common divisor of i and q.
7
Suppose -343 = 189*b - 238*b. Let k = -15 + 85. What is the highest common factor of k and b?
7
Suppose -4*z = -5*l + l + 16, 4*z = 2*l - 8. Suppose 5 = n + y, -3 = -3*n + l*y - y. Calculate the highest common divisor of n and 3.
3
Suppose -14*f = -55 - 617. Calculate the greatest common divisor of f and 120.
24
Let m be (27 - -1)/(2/1). Let g(d) = -d - 1. Let q be g(-3). Calculate the greatest common factor of m and q.
2
Let o(x) = 14*x**3 + 19*x**2 - 34*x - 15. Let g be o(5). Calculate the greatest common divisor of g and 12.
12
Let j be 15/(-2)*(-6)/9. Suppose 5*d = -20, -u + 37 = -j*d - 0*d. Let n(t) = 10*t**2 + 13*t - 76. Let r be n(4). Calculate the highest common factor of u and r.
17
Suppose -12*w + 18 = -9*w. Let a = -106 + 154. What is the highest common divisor of w and a?
6
Suppose -g = -405 + 108. Calculate the greatest common factor of g and 22.
11
Suppose 242 - 95 = 4*y + 5*s, -2*y - s + 69 = 0. What is the highest common divisor of 77 and y?
11
Suppose -4*o - 82 = -3*r, -2*r + o + 11 = -37. Calculate the greatest common factor of 55 and r.
11
Let w(m) = -3*m + 12. Let p = -12 + 21. Let g be w(p). Let o(q) = -q**3 - 14*q**2 + 15*q + 8. Let x be o(g). What is the highest common divisor of x and 88?
8
Suppose z = 2*z - 3*a, 0 = -4*a. Suppose z = 5*x - 35 - 0. Calculate the highest common divisor of 28 and x.
7
Suppose 2 = 3*g - r + 3*r, 0 = -4*g + 3*r - 3. Suppose 5*c + 80 = -4*u + 6*u, g = -u - 3*c + 51. Calculate the greatest common factor of 15 and u.
15
Let q be (2/(-4) - 1)*(-72)/54. Let j = -54 - -92. Let b = 56 - j. Calculate the greatest common divisor of q and b.
2
Let j = -467 - -510. Calculate the highest common factor of 688 and j.
43
Let f be 1 + (1 + 5 - -19). What is the greatest common divisor of f and 91?
13
Let s = -2 + 5. Let q(f) = -f**2 - 7*f - 3. Let i be q(-8). Let w(r) = -r**2 - 12*r - 5. Let c be w(i). What is the highest common divisor of s and c?
3
Let l(u) = -u**2 - 16*u. Let o be l(-8). Suppose -p = -34*p + 264. What is the highest common factor of p and o?
8
Let l(d) = d**2 + 20*d + 19. Let h be l(-17). Let u = -4 - h. Calculate the highest common divisor of 28 and u.
28
Suppose -4*x + 2*a + 3*a = -87, 2*a = -6. Calculate the highest common divisor of 2052 and x.
18
Let v(u) = u**2 - 4*u + 6. Let h be v(5). Let z be 83/1 + (0 - 6). Calculate the greatest common factor of z and h.
11
Let h(o) = -o - 10. Let b be h(-13). Suppose b*v + v = 192. Let s(d) = -12*d. Let p be s(-6). Calculate the greatest common divisor of v and p.
24
Let z(x) = x**3 + x**2 + 2. Let d be z(0). Let f = 13 - d. Calculate the greatest common divisor of 22 and f.
11
Let l be (9/2)/(3/6). Suppose l*i = 7*i + 110. Calculate the highest common factor of i and 5.
5
Suppose -5*f + 0*f = -2*k + 171, 5